he highest common divisor of 1400975 and 155?
5
What is the greatest common factor of 92115 and 3116385?
1035
Calculate the highest common factor of 161434330 and 740.
370
Calculate the highest common divisor of 11572 and 5034872.
1052
Calculate the highest common factor of 17963 and 23880164.
253
Calculate the greatest common divisor of 20619 and 11323307.
79
What is the highest common factor of 38208 and 50304?
192
What is the greatest common divisor of 7503 and 736401?
123
What is the greatest common factor of 142 and 4854838?
142
Calculate the highest common divisor of 272 and 26115536.
272
Calculate the highest common factor of 3800987 and 17712.
41
What is the highest common factor of 58026 and 18582?
114
Calculate the greatest common divisor of 30227 and 1043750.
167
What is the highest common divisor of 16656 and 23311113?
1041
Calculate the highest common divisor of 28 and 142159836.
28
Calculate the highest common factor of 687800 and 568340.
3620
Calculate the highest common factor of 6076 and 14278796.
196
What is the greatest common divisor of 1774 and 952860637?
887
Calculate the greatest common factor of 27017828 and 7055.
1411
Calculate the greatest common divisor of 705504 and 224.
32
Calculate the highest common divisor of 11702405 and 20.
5
What is the highest common factor of 1185 and 19714055?
395
Calculate the highest common factor of 1444 and 311544444.
1444
What is the greatest common factor of 320 and 92776660?
20
What is the greatest common divisor of 613611600 and 700?
700
Calculate the highest common divisor of 304038 and 18034.
254
Calculate the greatest common factor of 6240 and 83535.
15
What is the greatest common divisor of 10240 and 138440?
40
What is the greatest common divisor of 99 and 7566957?
9
Calculate the greatest common divisor of 2211830 and 5231020.
8410
Calculate the greatest common divisor of 63 and 4251198.
21
What is the highest common factor of 299943 and 20910841?
3703
Calculate the highest common factor of 1286 and 11141261.
643
What is the greatest common factor of 357 and 134731188?
51
Calculate the greatest common divisor of 2774 and 1356106.
38
What is the greatest common factor of 289612 and 1623568?
68
Calculate the greatest common divisor of 14 and 42627634.
14
Calculate the highest common factor of 812 and 20297158.
406
Calculate the greatest common factor of 16995 and 33398265.
1545
What is the greatest common divisor of 28764 and 7303941?
423
Calculate the highest common divisor of 20812 and 42724.
44
Calculate the highest common divisor of 103458 and 590046.
258
Calculate the highest common factor of 24825 and 7637163.
993
Calculate the highest common factor of 1986348 and 7728812.
6188
Calculate the highest common factor of 1283 and 219230059.
1283
Calculate the greatest common divisor of 130380 and 3012573.
159
Calculate the greatest common divisor of 1980 and 943056.
36
Calculate the greatest common divisor of 1517020 and 60.
20
Calculate the greatest common divisor of 15808 and 18297.
19
Calculate the greatest common factor of 116940912 and 4224.
528
Calculate the greatest common factor of 36 and 92095308.
36
What is the highest common factor of 12885 and 97432075?
4295
What is the highest common divisor of 14800287 and 13157?
223
What is the greatest common factor of 18112290 and 1260?
210
Calculate the greatest common factor of 83736473 and 451.
41
What is the highest common divisor of 2431 and 6113536?
143
Calculate the greatest common factor of 4191637 and 346652.
1097
What is the highest common divisor of 23840233 and 141?
47
What is the greatest common factor of 26001 and 205983?
81
Calculate the greatest common factor of 232176 and 4608.
48
What is the greatest common divisor of 42 and 94566507?
21
Calculate the greatest common divisor of 8547 and 121209.
33
Calculate the greatest common factor of 2441888 and 31749.
557
Calculate the greatest common factor of 186935077 and 68.
17
What is the greatest common factor of 695 and 2122520?
5
Calculate the greatest common factor of 44 and 37790588.
44
What is the highest common factor of 5702675 and 763075?
5825
Calculate the greatest common divisor of 576 and 2757042.
18
Calculate the highest common factor of 2346328 and 1736.
248
Calculate the highest common divisor of 6522179 and 23.
23
What is the highest common divisor of 534 and 2633955?
267
What is the highest common divisor of 14340 and 146820?
60
What is the greatest common divisor of 1159486200 and 1800?
1800
What is the highest common factor of 36 and 21637116?
36
What is the greatest common factor of 45489892 and 1190?
238
Calculate the greatest common divisor of 2572 and 16793874.
1286
Calculate the highest common divisor of 5702200 and 10.
10
Calculate the highest common factor of 437100 and 6220770.
930
Calculate the greatest common factor of 182007208 and 10480.
1048
What is the greatest common factor of 11997005 and 80?
5
Calculate the greatest common divisor of 73524615 and 36.
3
Calculate the highest common factor of 618309 and 103.
103
Calculate the highest common divisor of 880 and 1294634.
22
Calculate the greatest common factor of 1064215 and 940.
5
Calculate the greatest common divisor of 363178 and 288194.
206
What is the highest common divisor of 383243 and 296058?
371
What is the highest common factor of 310718 and 387?
43
Calculate the highest common divisor of 8500 and 6962400.
100
What is the greatest common factor of 1431 and 687993?
159
Calculate the greatest common divisor of 507 and 78381537.
39
Calculate the greatest common divisor of 816269 and 197456.
1763
What is the highest common factor of 157472 and 225034?
74
What is the greatest common factor of 115970 and 1220?
10
What is the greatest common divisor of 60228224 and 15232?
896
What is the highest common divisor of 2781958 and 9?
1
What is the highest common factor of 540 and 43005540?
60
Calculate the greatest common divisor of 909249 and 531.
177
What is the greatest common factor of 287 and 276777060?
287
Calculate the greatest common divisor of 85554115 and 1156.
289
What is the highest common divisor of 4137547 and 313?
313
Calculate the highest common factor of 65010 and 10836210.
330
What is the greatest common divisor of 3136435 and 141505?
1555
What is the highest common divisor of 9009 and 7416045?
819
Calculate the greatest common factor of 684773278 and 14.
14
Calculate the highest common divisor of 274 and 8651.
1
Calculate the greatest common factor of 3365 and 806605979.
673
What is the greatest common factor of 786 and 5566?
2
What is the greatest common divisor of 759 and 11572979?
253
Calculate the greatest common factor of 40536440 and 140.
140
What is the greatest common divisor of 20805 and 20079015?
1095
What is the greatest common factor of 13083436 and 1293?
431
What is the highest common divisor of 316500 and 1635?
15
What is the highest common divisor of 2373 and 2131773?
21
What is the highest common divisor of 368 and 8073200?
16
What is the greatest common divisor of 11312 and 22514112?
1616
What is the highest common divisor of 6026 and 6264158?
262
What is the greatest common factor of 97148 and 57812?
596
What is the greatest common divisor of 3046680 and 249340?
1820
What is the highest common divisor of 76565114 and 138?
46
What is the highest common divisor of 843 and 5291511?
843
Calculate the greatest common factor of 294100 and 284758.
346
What is the highest common divisor of 393597 and 348147?
909
What is the greatest common factor of 10561104 and 8430?
1686
What is the greatest common factor of 77608145 and 255?
85
Calculate the greatest common factor of 635204596 and 52.
52
What is the greatest common factor of 135 and 37048941?
27
What is the highest common divisor of 135576 and 1021860?
252
Calculate the greatest common factor of 79947405 and 7675.
1535
What is the highest common factor of 18369 and 1792323?
117
What is the highest common factor of 51230336 and 1792?
128
Calculate the greatest common factor of 47053 and 708749.
211
What is the highest common divisor of 40410414 and 144?
18
Calculate the greatest common divisor of 11385 and 17632395.
495
What is the greatest common divisor of 2064231 and 702?
351
Calculate the highest comm